{"id":205,"date":"2017-10-10T23:58:07","date_gmt":"2017-10-10T20:58:07","guid":{"rendered":"http:\/\/www.mikkovares.com\/?page_id=205"},"modified":"2017-12-07T23:19:30","modified_gmt":"2017-12-07T21:19:30","slug":"tampere-by-mikko-vares","status":"publish","type":"page","link":"https:\/\/www.mikkovares.com\/?page_id=205","title":{"rendered":"Tampere by Mikko Vares"},"content":{"rendered":"<p>Tampere-aiheiset valokuvani ovat kaikkien saatavilla Kuvatikkauksen paitapainosta Tullintorilta.<\/p>\n<p>Tampere by Mikko Vares-kuvia saa canvastauluina, mukeina, sein\u00e4tapetteina, tyynyliinoina, kalentereina ym.<\/p>\n<p>Tervetuloa poikkeamaan myym\u00e4l\u00e4\u00e4n!<\/p>\n<div id=\"js_tl\" class=\"_5pbx userContent _3576\" data-ft=\"{&quot;tn&quot;:&quot;K&quot;}\">\n<p>Tampere by Mikko Vares -kalenterit ovat nyt saatavilla Kuvatikkauksesta ja verkkokaupasta. <a href=\"http:\/\/vares.nettivarasto.fi\/\" target=\"_blank\" rel=\"nofollow noopener\" data-ft=\"{&quot;tn&quot;:&quot;-U&quot;}\" data-lynx-mode=\"origin\" data-lynx-uri=\"https:\/\/l.facebook.com\/l.php?u=http%3A%2F%2Fvares.nettivarasto.fi%2F&amp;h=ATPkQysI-WPD7St9jcMdCKqG2DgEHMdr1M2MzvEpKRKIKaTge7jQmPLR6jXACLnZCbqblIFWqakX4UiMdNNG-jP5mUBFGCuX6H0WVtAp_D_EpwkZqtVcbsVhTj41H0XXfFIAC6LfTfk4bW88kdpvmg4oXTScjvEffPShAmx12Fdv5him9QXK5dHkR9sY1driI8ml9Fb6LMs1Ul9QV7wNU4-dMPbNOmCouWtBcK2V1dvUpQ0MSgn1CKqhHT2-TPx3OQQ8lnaE20mqLbce8UDSyP3im-XrsCbmqUk\">http:\/\/vares.nettivarasto.fi<\/a><\/p>\n<\/div>\n<div class=\"_3x-2\">\n<div data-ft=\"{&quot;tn&quot;:&quot;H&quot;}\">\n<div class=\"mtm\">\n<div class=\"_2a2q\">\u00a0<img loading=\"lazy\" decoding=\"async\" class=\"alignnone size-thumbnail wp-image-453\" src=\"http:\/\/www.mikkovares.com\/wp-content\/uploads\/2017\/12\/Kalenderi-300x300.jpg\" alt=\"\" width=\"300\" height=\"300\" \/><\/div>\n<\/div>\n<\/div>\n<\/div>\n<p><a href=\"https:\/\/www.facebook.com\/Tampere-by-Mikko-Vares-407241196135029\/?fref=ts\" target=\"_blank\" rel=\"noopener\">Tampere by Mikko vares\u00a0<\/a><\/p>\n<p><a href=\"http:\/\/www.kuvatikkaus.fi\/\" target=\"_blank\" rel=\"noopener\">http:\/\/www.kuvatikkaus.fi<\/a><\/p>\n","protected":false},"excerpt":{"rendered":"<p>Tampere-aiheiset valokuvani ovat kaikkien saatavilla Kuvatikkauksen paitapainosta Tullintorilta. Tampere by Mikko Vares-kuvia saa canvastauluina, mukeina, sein\u00e4tapetteina, tyynyliinoina, kalentereina ym. Tervetuloa poikkeamaan myym\u00e4l\u00e4\u00e4n! Tampere by Mikko Vares -kalenterit ovat nyt saatavilla Kuvatikkauksesta ja verkkokaupasta. http:\/\/vares.nettivarasto.fi \u00a0 Tampere by Mikko vares\u00a0 http:\/\/www.kuvatikkaus.fi<\/p>\n","protected":false},"author":1,"featured_media":0,"parent":0,"menu_order":0,"comment_status":"closed","ping_status":"closed","template":"","meta":{"_monsterinsights_skip_tracking":false,"_monsterinsights_sitenote_active":false,"_monsterinsights_sitenote_note":"","_monsterinsights_sitenote_category":0,"footnotes":""},"class_list":["entry","page","publish","author-admin","post-205"],"_links":{"self":[{"href":"https:\/\/www.mikkovares.com\/index.php?rest_route=\/wp\/v2\/pages\/205","targetHints":{"allow":["GET"]}}],"collection":[{"href":"https:\/\/www.mikkovares.com\/index.php?rest_route=\/wp\/v2\/pages"}],"about":[{"href":"https:\/\/www.mikkovares.com\/index.php?rest_route=\/wp\/v2\/types\/page"}],"author":[{"embeddable":true,"href":"https:\/\/www.mikkovares.com\/index.php?rest_route=\/wp\/v2\/users\/1"}],"replies":[{"embeddable":true,"href":"https:\/\/www.mikkovares.com\/index.php?rest_route=%2Fwp%2Fv2%2Fcomments&post=205"}],"version-history":[{"count":9,"href":"https:\/\/www.mikkovares.com\/index.php?rest_route=\/wp\/v2\/pages\/205\/revisions"}],"predecessor-version":[{"id":458,"href":"https:\/\/www.mikkovares.com\/index.php?rest_route=\/wp\/v2\/pages\/205\/revisions\/458"}],"wp:attachment":[{"href":"https:\/\/www.mikkovares.com\/index.php?rest_route=%2Fwp%2Fv2%2Fmedia&parent=205"}],"curies":[{"name":"wp","href":"https:\/\/api.w.org\/{rel}","templated":true}]}}